{"id":568,"date":"2017-07-04T19:52:47","date_gmt":"2017-07-04T17:52:47","guid":{"rendered":"http:\/\/imkerei-18er.de\/?page_id=568"},"modified":"2024-05-28T09:52:36","modified_gmt":"2024-05-28T07:52:36","slug":"produkte-2","status":"publish","type":"page","link":"https:\/\/imkerei-18er.de\/?page_id=568","title":{"rendered":"Produkte"},"content":{"rendered":"<h3 style=\"text-align: center;\"><strong><em>Honigsorten<br \/><\/em><\/strong>Allgemein wird zwischen Bl\u00fctenhonig und Honigtauhonig unterschieden.<br \/>Bl\u00fctenhonig wird aus dem Bl\u00fctennektar, einem zuckerhaltigen Saft von Pflanzen gewonnen. Bl\u00fctenhonige zeichnen sich durch eine hellgelbe bis hin zu kr\u00e4ftig bernsteinartiger Farbe aus.\u00a0Rapshonig zeigt eine auff\u00e4llig, sehr deutlich hellere Farbe.\u00a0Honigtauhonig wird aus Honigtau gewonnen, der zum Beispiel von Blatt- und Schildl\u00e4usen gebildet wird. Allgemein wird er als Waldhonig bezeichnet.\u00a0Zu den Honigtauhonigen geh\u00f6ren unter anderem Wald-, Tannen- und Blatthonig.\u00a0Im Gegensatz zum Bl\u00fctenhonig ist der Honigtauhonig eher dunkel in der Farbe und w\u00fcrzig-herb im Geschmack.<\/h3>\n<h3 style=\"text-align: center;\"><em><strong>Bl\u00fctenhonig<\/strong><\/em><br \/>Bl\u00fctenhonig ist eine Sammelbezeichnung f\u00fcr alle Honige, die Bienen aus Nektar gewonnen haben. Er entsteht, indem Bienen den Nektar aus den unterschiedlichsten Bl\u00fcten sammeln.\u00a0Bl\u00fctenhonig ist ein wahrer Klassiker unter den Honigsorten. Bl\u00fctenhonig schmeckt<br \/>nahezu nie gleich. Mal dominiert eine besondere Bl\u00fctenart, die dem Honig ein kr\u00e4ftiges, fast schon rustikales Aroma verleiht. Mal schmeckt er sanft und dezent nach einer Bl\u00fctenmischung. Die meisten Bl\u00fctenhonige enthalten einen hohen Anteil an Traubenzucker, was in der Regel zu einer schnellen Kristallisation f\u00fchrt.<\/h3>\n<p>\t\t\t\t\t\t\t\t\t\t<img loading=\"lazy\" decoding=\"async\" width=\"1024\" height=\"683\" src=\"https:\/\/imkerei-18er.de\/wp-content\/uploads\/2017\/05\/DSC_1060-1024x683.jpg\" alt=\"\" loading=\"lazy\" srcset=\"https:\/\/imkerei-18er.de\/wp-content\/uploads\/2017\/05\/DSC_1060-1024x683.jpg 1024w, https:\/\/imkerei-18er.de\/wp-content\/uploads\/2017\/05\/DSC_1060-300x200.jpg 300w, https:\/\/imkerei-18er.de\/wp-content\/uploads\/2017\/05\/DSC_1060-768x512.jpg 768w, https:\/\/imkerei-18er.de\/wp-content\/uploads\/2017\/05\/DSC_1060-330x220.jpg 330w\" sizes=\"auto, (max-width: 1024px) 100vw, 1024px\" \/><br \/>\n\t\t\t\t\t\t\t\t\t\t<img loading=\"lazy\" decoding=\"async\" width=\"231\" height=\"300\" src=\"https:\/\/imkerei-18er.de\/wp-content\/uploads\/2019\/01\/Bl\u00fctenhonig-231x300.png\" alt=\"\" loading=\"lazy\" srcset=\"https:\/\/imkerei-18er.de\/wp-content\/uploads\/2019\/01\/Bl\u00fctenhonig-231x300.png 231w, https:\/\/imkerei-18er.de\/wp-content\/uploads\/2019\/01\/Bl\u00fctenhonig-768x997.png 768w, https:\/\/imkerei-18er.de\/wp-content\/uploads\/2019\/01\/Bl\u00fctenhonig-789x1024.png 789w\" sizes=\"auto, (max-width: 231px) 100vw, 231px\" \/>\t\t\t\t\t\t\t\t\t\t\t<\/p>\n<h3 style=\"text-align: center;\"><em><strong>Rapshonig<\/strong><\/em><br \/>Rapshonig ist ebenfalls ein Bl\u00fctenhonig. Da er oftmals aus reiner Rapsbl\u00fcte besteht, wird er unter der Bezeichnung Rapshonig gef\u00fchrt.<br \/>Im Fr\u00fchjahr geh\u00f6rt der Raps mit zu den wichtigsten Trachtenpflanzen. Rapshonig ist sehr hell bis fast wei\u00df. Er schmeckt sehr mild und hat ein feines Aroma.<br \/>Der Rapshonig ist in seiner Konsistenz entweder sch\u00f6n cremig oder fest. Aufgrund des hohen Traubenzuckeranteils kristallisiert er auch sehr schnell aus.<\/h3>\n<p>\t\t\t\t\t\t\t\t\t\t<img loading=\"lazy\" decoding=\"async\" width=\"1024\" height=\"614\" src=\"https:\/\/imkerei-18er.de\/wp-content\/uploads\/2019\/01\/cropped-DSC04231-1024x614.jpg\" alt=\"\" loading=\"lazy\" srcset=\"https:\/\/imkerei-18er.de\/wp-content\/uploads\/2019\/01\/cropped-DSC04231-1024x614.jpg 1024w, https:\/\/imkerei-18er.de\/wp-content\/uploads\/2019\/01\/cropped-DSC04231-300x180.jpg 300w, https:\/\/imkerei-18er.de\/wp-content\/uploads\/2019\/01\/cropped-DSC04231-768x460.jpg 768w, https:\/\/imkerei-18er.de\/wp-content\/uploads\/2019\/01\/cropped-DSC04231-1536x921.jpg 1536w, https:\/\/imkerei-18er.de\/wp-content\/uploads\/2019\/01\/cropped-DSC04231.jpg 2000w\" sizes=\"auto, (max-width: 1024px) 100vw, 1024px\" \/><br \/>\n\t\t\t\t\t\t\t\t\t\t<img loading=\"lazy\" decoding=\"async\" width=\"230\" height=\"300\" src=\"https:\/\/imkerei-18er.de\/wp-content\/uploads\/2019\/01\/Rapshonig-230x300.png\" alt=\"\" loading=\"lazy\" srcset=\"https:\/\/imkerei-18er.de\/wp-content\/uploads\/2019\/01\/Rapshonig-230x300.png 230w, https:\/\/imkerei-18er.de\/wp-content\/uploads\/2019\/01\/Rapshonig-768x1003.png 768w, https:\/\/imkerei-18er.de\/wp-content\/uploads\/2019\/01\/Rapshonig-784x1024.png 784w\" sizes=\"auto, (max-width: 230px) 100vw, 230px\" \/>\t\t\t\t\t\t\t\t\t\t\t<\/p>\n<h3 style=\"text-align: center;\"><em><strong>Waldhonig<\/strong><\/em><br \/>Beim Waldhonig sammeln die Bienen oft verschiedene Arten von Honigtau. Dieser stammt von Kleinstlebewesen, die sich von Pflanzensaft ern\u00e4hren, diesen ausscheiden und als klebrigen Film auf Laubbl\u00e4ttern oder Tannennadeln zur\u00fccklassen. Auch der Nektar mancher Waldbl\u00fcten flie\u00dft oftmals dabei mit ein. Der Honig ist und bleibt meist fl\u00fcssig, hat ein kr\u00e4ftiges Aroma und eine tief goldgelbe bis dunkelbraune Farbe.<\/h3>\n<p>\t\t\t\t\t\t\t\t\t\t<img loading=\"lazy\" decoding=\"async\" width=\"1024\" height=\"576\" src=\"https:\/\/imkerei-18er.de\/wp-content\/uploads\/2019\/01\/20160528_105543-1024x576.jpg\" alt=\"\" loading=\"lazy\" srcset=\"https:\/\/imkerei-18er.de\/wp-content\/uploads\/2019\/01\/20160528_105543-1024x576.jpg 1024w, https:\/\/imkerei-18er.de\/wp-content\/uploads\/2019\/01\/20160528_105543-300x169.jpg 300w, https:\/\/imkerei-18er.de\/wp-content\/uploads\/2019\/01\/20160528_105543-768x432.jpg 768w\" sizes=\"auto, (max-width: 1024px) 100vw, 1024px\" \/><br \/>\n\t\t\t\t\t\t\t\t\t\t<img loading=\"lazy\" decoding=\"async\" width=\"225\" height=\"300\" src=\"https:\/\/imkerei-18er.de\/wp-content\/uploads\/2019\/01\/Waldhonig-225x300.png\" alt=\"\" loading=\"lazy\" srcset=\"https:\/\/imkerei-18er.de\/wp-content\/uploads\/2019\/01\/Waldhonig-225x300.png 225w, https:\/\/imkerei-18er.de\/wp-content\/uploads\/2019\/01\/Waldhonig-768x1026.png 768w, https:\/\/imkerei-18er.de\/wp-content\/uploads\/2019\/01\/Waldhonig-766x1024.png 766w\" sizes=\"auto, (max-width: 225px) 100vw, 225px\" \/>\t\t\t\t\t\t\t\t\t\t\t<\/p>\n<h3 style=\"text-align: center;\"><em><strong>Jeder Honig ist einzigartig<br \/><\/strong><\/em>Jeder Honigjahrgang ist in Aussehen, Geschmack und Konsistenz einzigartig. Selbst Honig vom selben Volk und Standort schmeckt jedes Jahr etwas anders. Abh\u00e4ngig von den verschiedenen Parametern wie Volkgr\u00f6\u00dfe, Wetter oder Trachtangebot in der Umgebung, w\u00e4hlen die Bienen auf ihrer Suche nach Nektar die bestm\u00f6gliche Futterquelle aus. Mischhonig von Bl\u00fctenpflanzen ist daher so vielf\u00e4ltig wie die Umgebung aus der er stammt und besitzt ein hohes Spektrum an Aromen &#8211; den einzigartigen Geschmack der Region.<\/h3>\n<h3 style=\"text-align: center;\"><em><strong>Wabenhonig<br \/><\/strong><\/em>Wabenhonig ist die reinste und nat\u00fcrlichste Form Honig zu genie\u00dfen. So wie die Bienen den Nektar zu Honig bereiten, in den Waben speichern und verdeckeln, wird Ihnen ein reines St\u00fcck Natur geschenkt. Das Wachs ist zum Verzehr geeignet!<\/h3>\n<p style=\"text-align: center;\"><a href=\"http:\/\/imkerei-18er.de\/wp-content\/uploads\/2019\/01\/Honigwabe-2.png\"><img decoding=\"async\" src=\"http:\/\/imkerei-18er.de\/wp-content\/uploads\/2019\/01\/Honigwabe-2-300x97.png\" alt=\"\" width=\"300\" height=\"97\" \/><\/a><\/p>\n<h3 style=\"text-align: center;\"><em><strong>Met \u2013 Honigwein<\/strong><\/em><\/h3>\n<h3 style=\"text-align: center;\">Lange bevor es Traubenwein gab, kannten die Menschen den Honigwein. Besonders die Germanen haben die Kunst der Met- Herstellung gepflegt, nach Sch\u00e4tzung von Historikern bereits vor 3000 Jahren. Sie benutzen ihn als Rauschtrunk bei kultischen Festen. Da sie die Wirkung des Alkohols noch nicht verstanden, rankten sich viele Mythen und Sagen um das seltsame Gebr\u00e4u. Die Ver\u00e4nderung ihrer Sinne schrieben unsere Vorfahren einem geheimen Zauber zu. Der Met avancierte bald zum Geschenk der G\u00f6tter und spielte auch in der antiken Sagenwelt eine gro\u00dfe Rolle. Ab der R\u00f6merzeit wurde Honigwein, der einfacheren Beschaffung wegen, von Traubenwein und Bier verdr\u00e4ngt. Der gegorene Honigtrank, schon von griechischen Dichtern gelobt, galt nicht nur als berauschend, ihm wurden noch weitere positive Eigenschaften zugeschrieben, die die des reinen Honigs sogar \u00fcbertrafen.<\/h3>\n<h3 style=\"text-align: center;\"><em>Der Naturheilpraktiker Sebastian Kneipp schreibt:<\/em><\/h3>\n<h3 style=\"text-align: center;\">\u201eMet tut viel Gutes, er bewirkt einen guten Appetit, f\u00f6rdert die Verdauung, reinigt und st\u00e4rkt den Magen, schafft ungesunde Stoffe weg, befreit von dem, was dem K\u00f6rper nachteilig ist. Seine Wirkung ist sehr g\u00fcnstig auf das Blut, die S\u00e4fte, Nieren und Blase, weil er \u00fcberall reinigt, aufl\u00f6st und ausleitend wirkt. F\u00fcr die Alten, so auch f\u00fcr uns ist Met ein St\u00e4rkungsmittel. Die Germanen erfreuten sich einer au\u00dferordentlichen Gesundheit und erreichten ein hohes Alter. Beides verdankten sie besonders ihrem Met.\u201c<\/h3>\n<p>\t\t\t\t\t\t\t\t\t\t<img loading=\"lazy\" decoding=\"async\" width=\"119\" height=\"208\" src=\"https:\/\/imkerei-18er.de\/wp-content\/uploads\/2019\/01\/Wikinger.png\" alt=\"\" loading=\"lazy\" \/><br \/>\n\t\t\t\t\t\t\t\t\t\t<img loading=\"lazy\" decoding=\"async\" width=\"67\" height=\"300\" src=\"https:\/\/imkerei-18er.de\/wp-content\/uploads\/2019\/01\/Met-Flasche-frei-1-67x300.png\" alt=\"\" loading=\"lazy\" \/>\t\t\t\t\t\t\t\t\t\t\t<\/p>\n<h3 style=\"text-align: center;\"><em><strong>Wissenswertes \u00fcber Pollen<\/strong><\/em><br \/>Pollen ist ein \u201eVitalstoff\u201c Er bewirkt beim Menschen eine Verbesserung des Allgemeinbefindens und eine Hebung der k\u00f6rperlichen und geistigen Leistungsf\u00e4higkeit.<br \/>Im Pollen sind 14 verschiedene Arten von essentiellen Aminos\u00e4uren enthalten und eine vielzahl an Vitaminen.<br \/>Pollen besteht etwa zu 20% aus Fetten. Darunter sind drei wichtige unges\u00e4ttigte Fetts\u00e4uren enthalten. Sie haben die Funktion, dass der Organismus die Blutfettwerte regeln kann. (durch die Reduzierung wird das Risiko f\u00fcr Herzinfarkte und Arterienablagerungen geringer gehalten.)<br \/>Bl\u00fctenpollen enth\u00e4lt folgende Mineralien: Calcium, Kalium, Magnesium, Eisen, Kupfer, Phosphor, Chlor, Silicium, Mangan, Schwefel.<br \/>Pollen ist gut f\u00fcr Vitalit\u00e4t, Muskelaufbau und deren Versorgung. St\u00e4rkung der Abwehrkr\u00e4fte Verdauung Prophylaxe verschiedenre Krankheiten.<br \/>Wie nehme ich Pollen zu mir?<br \/>T\u00e4glich einen Teel\u00f6ffel(ca.4g) Bl\u00fctenpollen vor einer Hauptmahlzeit einnehmen(f\u00fcr Kinder reicht ein halber Teel\u00f6ffel). Er tr\u00e4gt dazu bei, das Nahrung besser vom K\u00f6rper verarbeitet wird. Ich pers\u00f6nlich esse den Pollen am liebsten aufgel\u00f6st in Naturjghurt mit einem Teel\u00f6ffel Honig, dadurch wird der f\u00fcr den Pollen \u00fcbliche, leicht bittere Nachgeschmack kaum sp\u00fcrbar. Alternativ kann man den Pollen auch zu Obstsalat, Fruchts\u00e4ften oder zusammen mit Honig als Brotaufstrich essen. Hinweis: Bei bekannter \u00dcberempfindlichkeit(Allergie) gegen Bl\u00fctenpollen sollten diese nicht verzehrt werden. Es ist zu empfehlen Bio-Pollen aus der Region zu verwenden.<\/h3>\n","protected":false},"excerpt":{"rendered":"<p>HonigsortenAllgemein wird zwischen Bl\u00fctenhonig und Honigtauhonig unterschieden.Bl\u00fctenhonig wird aus dem Bl\u00fctennektar, einem zuckerhaltigen Saft von Pflanzen gewonnen. Bl\u00fctenhonige zeichnen sich durch eine hellgelbe bis hin zu kr\u00e4ftig bernsteinartiger Farbe aus.\u00a0Rapshonig zeigt eine auff\u00e4llig, sehr deutlich hellere Farbe.\u00a0Honigtauhonig wird aus Honigtau gewonnen, der zum Beispiel von Blatt- und Schildl\u00e4usen gebildet wird. Allgemein wird er als Waldhonig [&hellip;]<\/p>\n","protected":false},"author":1,"featured_media":0,"parent":0,"menu_order":0,"comment_status":"closed","ping_status":"closed","template":"","meta":{"ocean_post_layout":"","ocean_both_sidebars_style":"","ocean_both_sidebars_content_width":0,"ocean_both_sidebars_sidebars_width":0,"ocean_sidebar":"0","ocean_second_sidebar":"0","ocean_disable_margins":"enable","ocean_add_body_class":"","ocean_shortcode_before_top_bar":"","ocean_shortcode_after_top_bar":"","ocean_shortcode_before_header":"","ocean_shortcode_after_header":"","ocean_has_shortcode":"","ocean_shortcode_after_title":"","ocean_shortcode_before_footer_widgets":"","ocean_shortcode_after_footer_widgets":"","ocean_shortcode_before_footer_bottom":"","ocean_shortcode_after_footer_bottom":"","ocean_display_top_bar":"default","ocean_display_header":"default","ocean_header_style":"","ocean_center_header_left_menu":"0","ocean_custom_header_template":"0","ocean_custom_logo":0,"ocean_custom_retina_logo":0,"ocean_custom_logo_max_width":0,"ocean_custom_logo_tablet_max_width":0,"ocean_custom_logo_mobile_max_width":0,"ocean_custom_logo_max_height":0,"ocean_custom_logo_tablet_max_height":0,"ocean_custom_logo_mobile_max_height":0,"ocean_header_custom_menu":"0","ocean_menu_typo_font_family":"0","ocean_menu_typo_font_subset":"","ocean_menu_typo_font_size":0,"ocean_menu_typo_font_size_tablet":0,"ocean_menu_typo_font_size_mobile":0,"ocean_menu_typo_font_size_unit":"px","ocean_menu_typo_font_weight":"","ocean_menu_typo_font_weight_tablet":"","ocean_menu_typo_font_weight_mobile":"","ocean_menu_typo_transform":"","ocean_menu_typo_transform_tablet":"","ocean_menu_typo_transform_mobile":"","ocean_menu_typo_line_height":0,"ocean_menu_typo_line_height_tablet":0,"ocean_menu_typo_line_height_mobile":0,"ocean_menu_typo_line_height_unit":"","ocean_menu_typo_spacing":0,"ocean_menu_typo_spacing_tablet":0,"ocean_menu_typo_spacing_mobile":0,"ocean_menu_typo_spacing_unit":"","ocean_menu_link_color":"","ocean_menu_link_color_hover":"","ocean_menu_link_color_active":"","ocean_menu_link_background":"","ocean_menu_link_hover_background":"","ocean_menu_link_active_background":"","ocean_menu_social_links_bg":"","ocean_menu_social_hover_links_bg":"","ocean_menu_social_links_color":"","ocean_menu_social_hover_links_color":"","ocean_disable_title":"default","ocean_disable_heading":"default","ocean_post_title":"","ocean_post_subheading":"","ocean_post_title_style":"","ocean_post_title_background_color":"","ocean_post_title_background":0,"ocean_post_title_bg_image_position":"","ocean_post_title_bg_image_attachment":"","ocean_post_title_bg_image_repeat":"","ocean_post_title_bg_image_size":"","ocean_post_title_height":0,"ocean_post_title_bg_overlay":0.5,"ocean_post_title_bg_overlay_color":"","ocean_disable_breadcrumbs":"default","ocean_breadcrumbs_color":"","ocean_breadcrumbs_separator_color":"","ocean_breadcrumbs_links_color":"","ocean_breadcrumbs_links_hover_color":"","ocean_display_footer_widgets":"default","ocean_display_footer_bottom":"default","ocean_custom_footer_template":"0","footnotes":""},"class_list":["post-568","page","type-page","status-publish","hentry","entry"],"_links":{"self":[{"href":"https:\/\/imkerei-18er.de\/index.php?rest_route=\/wp\/v2\/pages\/568","targetHints":{"allow":["GET"]}}],"collection":[{"href":"https:\/\/imkerei-18er.de\/index.php?rest_route=\/wp\/v2\/pages"}],"about":[{"href":"https:\/\/imkerei-18er.de\/index.php?rest_route=\/wp\/v2\/types\/page"}],"author":[{"embeddable":true,"href":"https:\/\/imkerei-18er.de\/index.php?rest_route=\/wp\/v2\/users\/1"}],"replies":[{"embeddable":true,"href":"https:\/\/imkerei-18er.de\/index.php?rest_route=%2Fwp%2Fv2%2Fcomments&post=568"}],"version-history":[{"count":37,"href":"https:\/\/imkerei-18er.de\/index.php?rest_route=\/wp\/v2\/pages\/568\/revisions"}],"predecessor-version":[{"id":1123,"href":"https:\/\/imkerei-18er.de\/index.php?rest_route=\/wp\/v2\/pages\/568\/revisions\/1123"}],"wp:attachment":[{"href":"https:\/\/imkerei-18er.de\/index.php?rest_route=%2Fwp%2Fv2%2Fmedia&parent=568"}],"curies":[{"name":"wp","href":"https:\/\/api.w.org\/{rel}","templated":true}]}}