{"id":28,"date":"2015-11-22T18:22:01","date_gmt":"2015-11-22T17:22:01","guid":{"rendered":"http:\/\/imkerei-18er.de\/?page_id=28"},"modified":"2022-04-16T10:26:27","modified_gmt":"2022-04-16T08:26:27","slug":"produkte","status":"publish","type":"page","link":"https:\/\/imkerei-18er.de\/","title":{"rendered":"Startseite"},"content":{"rendered":"\t\t<div data-elementor-type=\"wp-page\" data-elementor-id=\"28\" class=\"elementor elementor-28\">\n\t\t\t\t\t\t<section class=\"elementor-section elementor-top-section elementor-element elementor-element-28b39ea3 elementor-section-boxed elementor-section-height-default elementor-section-height-default\" data-id=\"28b39ea3\" data-element_type=\"section\">\n\t\t\t\t\t\t<div class=\"elementor-container elementor-column-gap-default\">\n\t\t\t\t\t<div class=\"elementor-column elementor-col-100 elementor-top-column elementor-element elementor-element-5b2e061c\" data-id=\"5b2e061c\" data-element_type=\"column\">\n\t\t\t<div class=\"elementor-widget-wrap elementor-element-populated\">\n\t\t\t\t\t\t<div class=\"elementor-element elementor-element-7bdf401e elementor-widget elementor-widget-text-editor\" data-id=\"7bdf401e\" data-element_type=\"widget\" data-widget_type=\"text-editor.default\">\n\t\t\t\t<div class=\"elementor-widget-container\">\n\t\t\t\t\t\t\t\t\t<h3 style=\"text-align: center;\"><em><strong>Herzlich willkommen in der Hobbyimkerei von<br \/>Wolfgang Achtzehner<\/strong><\/em><\/h3><h3><span class=\"tm9\"><a href=\"https:\/\/imkerei-18er.de\/wp-content\/uploads\/2022\/04\/DSC_0101-scaled.jpg\"><img fetchpriority=\"high\" decoding=\"async\" class=\"alignnone size-medium wp-image-1173 aligncenter\" src=\"https:\/\/imkerei-18er.de\/wp-content\/uploads\/2022\/04\/DSC_0101-300x200.jpg\" alt=\"\" width=\"300\" height=\"200\" srcset=\"https:\/\/imkerei-18er.de\/wp-content\/uploads\/2022\/04\/DSC_0101-300x200.jpg 300w, https:\/\/imkerei-18er.de\/wp-content\/uploads\/2022\/04\/DSC_0101-1024x683.jpg 1024w, https:\/\/imkerei-18er.de\/wp-content\/uploads\/2022\/04\/DSC_0101-768x512.jpg 768w, https:\/\/imkerei-18er.de\/wp-content\/uploads\/2022\/04\/DSC_0101-1536x1024.jpg 1536w, https:\/\/imkerei-18er.de\/wp-content\/uploads\/2022\/04\/DSC_0101-2048x1365.jpg 2048w\" sizes=\"(max-width: 300px) 100vw, 300px\" \/><\/a>\u00a0 \u00a0 \u00a0 \u00a0 \u00a0 \u00a0 \u00a0 \u00a0 \u00a0 \u00a0 \u00a0 \u00a0 \u00a0 \u00a0 \u00a0 \u00a0 \u00a0 \u00a0 \u00a0 \u00a0 \u00a0 \u00a0 \u00a0 \u00a0 <\/span><span class=\"tm10\"><br \/><\/span><\/h3><h3 class=\"tm5 Normal\" style=\"text-align: center;\"><span style=\"color: #008000;\"><strong><em><span class=\"tm6\">Meine Art der biologischen Bienenhaltung nach den Richtlinien von Naturland beruht auf folgenden Prinzipien:<br \/><span style=\"color: #000000;\">Das Wohl der Bienen steht immer im Mittelpunkt<br \/>Auf Erw\u00e4rmen, Wiederverfl\u00fcssigen, Mischen und R\u00fchren wird verzichtet um den Honig nicht zu ver\u00e4ndern<br \/>Der Honig wird direkt nach der Ernte in Gl\u00e4ser abgef\u00fcllt<br \/><\/span><\/span><\/em><\/strong><\/span><\/h3><h3 class=\"tm5 Normal\" style=\"text-align: center;\"><span class=\"tm6\"><strong><span style=\"color: #008000;\"><em>Schw\u00e4rmen erlaubt:<\/em><\/span><br \/><\/strong><\/span><span class=\"tm6\">Das Schw\u00e4rmen der Bienen wird nicht durch Ma\u00dfnahmen wie z.B. das Ausschneiden der K\u00f6niginnenzellen verhindert. Ausgeflogene Schw\u00e4rme werden wenn m\u00f6glich eingefangen.<br \/><\/span><\/h3><p><a href=\"http:\/\/imkerei-18er.de\/wp-content\/uploads\/2019\/01\/DSC04462.jpg\"><img decoding=\"async\" class=\"size-medium wp-image-844 aligncenter\" src=\"http:\/\/imkerei-18er.de\/wp-content\/uploads\/2019\/01\/DSC04462-225x300.jpg\" alt=\"\" width=\"225\" height=\"300\" srcset=\"https:\/\/imkerei-18er.de\/wp-content\/uploads\/2019\/01\/DSC04462-225x300.jpg 225w, https:\/\/imkerei-18er.de\/wp-content\/uploads\/2019\/01\/DSC04462-768x1024.jpg 768w, https:\/\/imkerei-18er.de\/wp-content\/uploads\/2019\/01\/DSC04462.jpg 1944w\" sizes=\"(max-width: 225px) 100vw, 225px\" \/><\/a><\/p><h3 class=\"tm5 Normal\" style=\"text-align: center;\"><span class=\"tm6\"><span style=\"color: #008000;\"><em><strong>Nat\u00fcrlicher Wabenbau:<\/strong><\/em><\/span><br \/>Die Bienen erhalten keine vorgefertigten (und teilweise belasteten) Wabenbauhilfen mit festgelegter Wabengr\u00f6\u00dfe. Die Bienen folgen ihrem nat\u00fcrlichen Bautrieb und bauen ihre Waben selbst. Der Honigertrag sinkt dadurch.<br \/><\/span><\/h3><p style=\"text-align: center;\"><a href=\"http:\/\/imkerei-18er.de\/wp-content\/uploads\/2019\/01\/DSC_0491.jpg\"><img decoding=\"async\" class=\"size-medium wp-image-845 aligncenter\" src=\"http:\/\/imkerei-18er.de\/wp-content\/uploads\/2019\/01\/DSC_0491-300x200.jpg\" alt=\"\" width=\"300\" height=\"200\" srcset=\"https:\/\/imkerei-18er.de\/wp-content\/uploads\/2019\/01\/DSC_0491-300x200.jpg 300w, https:\/\/imkerei-18er.de\/wp-content\/uploads\/2019\/01\/DSC_0491-768x512.jpg 768w, https:\/\/imkerei-18er.de\/wp-content\/uploads\/2019\/01\/DSC_0491-1024x683.jpg 1024w, https:\/\/imkerei-18er.de\/wp-content\/uploads\/2019\/01\/DSC_0491-330x220.jpg 330w\" sizes=\"(max-width: 300px) 100vw, 300px\" \/><\/a><\/p><h3 class=\"tm5 Normal\" style=\"text-align: center;\"><span class=\"tm6\"><strong><span style=\"color: #008000;\"><em>Drohnen belassen:<\/em><\/span><br \/><\/strong><\/span><span class=\"tm6\">Anders als oft \u00fcblich, wird die Drohnenbrut nicht regelm\u00e4\u00dfig ausgeschnitten und vernichtet, sondern die Drohnenwaben werden im Sinne einer sich selbst regulierenden Entwicklung der Bienenv\u00f6lker in den Beuten (Bienenh\u00e4usern)\u00a0belassen.<br \/><\/span><\/h3><h3 class=\"tm5 Normal\" style=\"text-align: center;\"><span class=\"tm6\"><span style=\"color: #008000;\"><em><strong>Bienenschonende Varroa-Bek\u00e4mpfung:<\/strong><\/em><\/span><br \/>Zur Bek\u00e4mpfung der Varroa-Milbe werden ausschlie\u00dflich organische S\u00e4uren wie z.b. Ameisens\u00e4ure, Oxals\u00e4ure oder Milchs\u00e4ure eingesetzt, die keine R\u00fcckst\u00e4nde in Honig und Wachs hinterlassen.<br \/><\/span><\/h3><h3 class=\"tm5 Normal\" style=\"text-align: center;\"><span class=\"tm6\"><strong><span style=\"color: #008000;\"><em>Naturmaterialien:<\/em><\/span><br \/><\/strong>Vermeidung von Kunststoffen in der Bienenhaltung, z.B. Verwendung von Holz bei Beuten und Zargen.<\/span><\/h3><p><a href=\"https:\/\/imkerei-18er.de\/wp-content\/uploads\/2019\/01\/DSC_0012.jpg\"><img loading=\"lazy\" decoding=\"async\" class=\"wp-image-846 size-medium aligncenter\" src=\"https:\/\/imkerei-18er.de\/wp-content\/uploads\/2019\/01\/DSC_0012-300x200.jpg\" alt=\"\" width=\"300\" height=\"200\" srcset=\"https:\/\/imkerei-18er.de\/wp-content\/uploads\/2019\/01\/DSC_0012-300x200.jpg 300w, https:\/\/imkerei-18er.de\/wp-content\/uploads\/2019\/01\/DSC_0012-768x512.jpg 768w, https:\/\/imkerei-18er.de\/wp-content\/uploads\/2019\/01\/DSC_0012-1024x683.jpg 1024w, https:\/\/imkerei-18er.de\/wp-content\/uploads\/2019\/01\/DSC_0012-330x220.jpg 330w\" sizes=\"(max-width: 300px) 100vw, 300px\" \/><\/a><\/p><h3 class=\"tm5 Normal\" style=\"text-align: center;\"><span class=\"tm6\"><strong><span style=\"color: #008000;\"><em>Zur\u00fcckhaltende F\u00fctterung:<\/em><\/span><br \/><\/strong>Indem den Bienen nicht der gesamte Honig entnommen wird, wird die winterliche Zuf\u00fctterung durch (hier Bio-) Zucker reduziert.<\/span><\/h3><p class=\"tm5 Normal\"><span class=\"tm6\">\u00a0<\/span><\/p><p class=\"tm5 Normal\"><span class=\"tm6\">\u00a0<\/span><\/p><p class=\"Normal\">\u00a0<\/p>\t\t\t\t\t\t\t\t<\/div>\n\t\t\t\t<\/div>\n\t\t\t\t\t<\/div>\n\t\t<\/div>\n\t\t\t\t\t<\/div>\n\t\t<\/section>\n\t\t\t\t<\/div>\n\t\t","protected":false},"excerpt":{"rendered":"<p>Herzlich willkommen in der Hobbyimkerei vonWolfgang Achtzehner \u00a0 \u00a0 \u00a0 \u00a0 \u00a0 \u00a0 \u00a0 \u00a0 \u00a0 \u00a0 \u00a0 \u00a0 \u00a0 \u00a0 \u00a0 \u00a0 \u00a0 \u00a0 \u00a0 \u00a0 \u00a0 \u00a0 \u00a0 \u00a0 Meine Art der biologischen Bienenhaltung nach den Richtlinien von Naturland beruht auf folgenden Prinzipien:Das Wohl der Bienen steht immer im MittelpunktAuf Erw\u00e4rmen, Wiederverfl\u00fcssigen, Mischen [&hellip;]<\/p>\n","protected":false},"author":1,"featured_media":0,"parent":0,"menu_order":0,"comment_status":"closed","ping_status":"closed","template":"","meta":{"ocean_post_layout":"","ocean_both_sidebars_style":"","ocean_both_sidebars_content_width":0,"ocean_both_sidebars_sidebars_width":0,"ocean_sidebar":"0","ocean_second_sidebar":"0","ocean_disable_margins":"enable","ocean_add_body_class":"","ocean_shortcode_before_top_bar":"","ocean_shortcode_after_top_bar":"","ocean_shortcode_before_header":"","ocean_shortcode_after_header":"","ocean_has_shortcode":"","ocean_shortcode_after_title":"","ocean_shortcode_before_footer_widgets":"","ocean_shortcode_after_footer_widgets":"","ocean_shortcode_before_footer_bottom":"","ocean_shortcode_after_footer_bottom":"","ocean_display_top_bar":"default","ocean_display_header":"default","ocean_header_style":"","ocean_center_header_left_menu":"0","ocean_custom_header_template":"0","ocean_custom_logo":0,"ocean_custom_retina_logo":0,"ocean_custom_logo_max_width":0,"ocean_custom_logo_tablet_max_width":0,"ocean_custom_logo_mobile_max_width":0,"ocean_custom_logo_max_height":0,"ocean_custom_logo_tablet_max_height":0,"ocean_custom_logo_mobile_max_height":0,"ocean_header_custom_menu":"0","ocean_menu_typo_font_family":"0","ocean_menu_typo_font_subset":"","ocean_menu_typo_font_size":0,"ocean_menu_typo_font_size_tablet":0,"ocean_menu_typo_font_size_mobile":0,"ocean_menu_typo_font_size_unit":"px","ocean_menu_typo_font_weight":"","ocean_menu_typo_font_weight_tablet":"","ocean_menu_typo_font_weight_mobile":"","ocean_menu_typo_transform":"","ocean_menu_typo_transform_tablet":"","ocean_menu_typo_transform_mobile":"","ocean_menu_typo_line_height":0,"ocean_menu_typo_line_height_tablet":0,"ocean_menu_typo_line_height_mobile":0,"ocean_menu_typo_line_height_unit":"","ocean_menu_typo_spacing":0,"ocean_menu_typo_spacing_tablet":0,"ocean_menu_typo_spacing_mobile":0,"ocean_menu_typo_spacing_unit":"","ocean_menu_link_color":"","ocean_menu_link_color_hover":"","ocean_menu_link_color_active":"","ocean_menu_link_background":"","ocean_menu_link_hover_background":"","ocean_menu_link_active_background":"","ocean_menu_social_links_bg":"","ocean_menu_social_hover_links_bg":"","ocean_menu_social_links_color":"","ocean_menu_social_hover_links_color":"","ocean_disable_title":"default","ocean_disable_heading":"default","ocean_post_title":"","ocean_post_subheading":"","ocean_post_title_style":"","ocean_post_title_background_color":"","ocean_post_title_background":0,"ocean_post_title_bg_image_position":"","ocean_post_title_bg_image_attachment":"","ocean_post_title_bg_image_repeat":"","ocean_post_title_bg_image_size":"","ocean_post_title_height":0,"ocean_post_title_bg_overlay":0.5,"ocean_post_title_bg_overlay_color":"","ocean_disable_breadcrumbs":"default","ocean_breadcrumbs_color":"","ocean_breadcrumbs_separator_color":"","ocean_breadcrumbs_links_color":"","ocean_breadcrumbs_links_hover_color":"","ocean_display_footer_widgets":"default","ocean_display_footer_bottom":"default","ocean_custom_footer_template":"0","footnotes":""},"class_list":["post-28","page","type-page","status-publish","hentry","entry"],"_links":{"self":[{"href":"https:\/\/imkerei-18er.de\/index.php?rest_route=\/wp\/v2\/pages\/28","targetHints":{"allow":["GET"]}}],"collection":[{"href":"https:\/\/imkerei-18er.de\/index.php?rest_route=\/wp\/v2\/pages"}],"about":[{"href":"https:\/\/imkerei-18er.de\/index.php?rest_route=\/wp\/v2\/types\/page"}],"author":[{"embeddable":true,"href":"https:\/\/imkerei-18er.de\/index.php?rest_route=\/wp\/v2\/users\/1"}],"replies":[{"embeddable":true,"href":"https:\/\/imkerei-18er.de\/index.php?rest_route=%2Fwp%2Fv2%2Fcomments&post=28"}],"version-history":[{"count":98,"href":"https:\/\/imkerei-18er.de\/index.php?rest_route=\/wp\/v2\/pages\/28\/revisions"}],"predecessor-version":[{"id":1177,"href":"https:\/\/imkerei-18er.de\/index.php?rest_route=\/wp\/v2\/pages\/28\/revisions\/1177"}],"wp:attachment":[{"href":"https:\/\/imkerei-18er.de\/index.php?rest_route=%2Fwp%2Fv2%2Fmedia&parent=28"}],"curies":[{"name":"wp","href":"https:\/\/api.w.org\/{rel}","templated":true}]}}